 13286374.
2, 499, 13313
List the prime factors of 77596876.
2, 7, 53, 52289
What are the prime factors of 169018788?
2, 3, 2423, 5813
List the prime factors of 279051740.
2, 5, 11, 41, 30937
List the prime factors of 644781335.
5, 11, 11723297
List the prime factors of 2385513300.
2, 3, 5, 7951711
List the prime factors of 84535952.
2, 5283497
List the prime factors of 72135677.
72135677
List the prime factors of 404671579.
13, 31128583
List the prime factors of 485410575.
3, 5, 13, 19, 26203
What are the prime factors of 58111196?
2, 11, 13, 19, 5347
What are the prime factors of 1020130803?
3, 53, 397, 5387
List the prime factors of 700225308.
2, 3, 17, 67, 17077
List the prime factors of 4584715682.
2, 2292357841
List the prime factors of 200948741.
7, 347, 82729
What are the prime factors of 2517238130?
2, 5, 11, 31, 107, 6899
List the prime factors of 2464645979.
31, 109, 653, 1117
What are the prime factors of 2032129231?
11, 193, 797, 1201
What are the prime factors of 2408149095?
3, 5, 11, 89, 163987
List the prime factors of 17742481.
17742481
List the prime factors of 2353761390.
2, 3, 5, 107, 397, 1847
What are the prime factors of 343025412?
2, 3, 607, 47093
What are the prime factors of 121067744?
2, 7, 17, 31793
List the prime factors of 28479131.
17, 29, 61, 947
What are the prime factors of 208961897?
43, 139, 34961
What are the prime factors of 201953818?
2, 11, 9179719
List the prime factors of 193257845.
5, 11, 23, 37, 4129
What are the prime factors of 222349915?
5, 44469983
What are the prime factors of 1014074100?
2, 3, 5, 13, 167, 173
What are the prime factors of 109304322?
2, 3, 17, 599, 1789
What are the prime factors of 3529960767?
3, 17, 23071639
List the prime factors of 160175541.
3, 4957, 10771
List the prime factors of 173010111.
3, 4297, 13421
What are the prime factors of 186877776?
2, 3, 3893287
List the prime factors of 57613361.
13, 1061, 4177
What are the prime factors of 1246787430?
2, 3, 5, 7, 29, 101, 2027
List the prime factors of 122203127.
122203127
What are the prime factors of 25860671?
23, 1124377
What are the prime factors of 903359202?
2, 3, 150559867
What are the prime factors of 371676515?
5, 7, 31, 6991
List the prime factors of 574067689.
13, 467, 94559
List the prime factors of 88063469.
13, 823, 8231
List the prime factors of 2411161257.
3, 803720419
What are the prime factors of 531079156?
2, 1597, 83137
List the prime factors of 2119824567.
3, 7, 11216003
What are the prime factors of 22521424?
2, 257, 5477
List the prime factors of 71867687.
17, 4227511
What are the prime factors of 210454108?
2, 19, 2769133
List the prime factors of 920117471.
7, 13, 53, 71, 2687
List the prime factors of 3035155028.
2, 53, 14316769
List the prime factors of 2135139918.
2, 3, 131, 2716463
List the prime factors of 90546653.
23, 3936811
What are the prime factors of 206896789?
11, 53, 354883
List the prime factors of 136231093.
23, 277, 21383
What are the prime factors of 130537731?
3, 2357, 18461
List the prime factors of 1003086475.
5, 19, 863, 2447
List the prime factors of 6140059385.
5, 28753, 42709
List the prime factors of 156533531.
7, 11, 41, 179, 277
List the prime factors of 1251157276.
2, 263, 1189313
What are the prime factors of 1182555376?
2, 251, 294461
List the prime factors of 18018637.
7, 13, 23, 8609
What are the prime factors of 1546747669?
17, 90985157
List the prime factors of 248821350.
2, 3, 5, 17, 97577
What are the prime factors of 605039662?
2, 349, 866819
What are the prime factors of 134583482?
2, 11, 71, 86161
What are the prime factors of 7847457973?
8537, 919229
What are the prime factors of 1445880153?
3, 481960051
What are the prime factors of 38634753?
3, 1279, 10069
List the prime factors of 63592447.
23, 29, 67, 1423
What are the prime factors of 3131911219?
23, 59, 2307967
What are the prime factors of 311286019?
11, 28298729
What are the prime factors of 527879382?
2, 3, 87979897
What are the prime factors of 33053535?
3, 5, 244841
What are the prime factors of 219207867?
3, 73069289
List the prime factors of 115002558.
2, 3, 11, 193607
What are the prime factors of 200582766?
2, 3, 11143487
What are the prime factors of 1127122014?
2, 3, 1019, 184351
What are the prime factors of 760331973?
3, 253443991
List the prime factors of 213735967.
213735967
List the prime factors of 792144706.
2, 396072353
What are the prime factors of 100464027?
3, 167, 193, 1039
List the prime factors of 353020393.
11, 29, 317, 3491
List the prime factors of 331581461.
4933, 67217
List the prime factors of 169247243.
11, 109, 141157
What are the prime factors of 540004063?
7687, 70249
List the prime factors of 2350378536.
2, 3, 11, 809359
What are the prime factors of 271466038?
2, 251, 540769
What are the prime factors of 1099407267?
3, 7, 356141
What are the prime factors of 2964143568?
2, 3, 61752991
List the prime factors of 435122925.
3, 5, 523, 11093
List the prime factors of 669793075.
5, 7, 59, 64871
What are the prime factors of 411839658?
2, 3, 673, 33997
What are the prime factors of 78066311?
78066311
List the prime factors of 493631.
401, 1231
What are the prime factors of 956425909?
43, 3943, 5641
What are the prime factors of 694514300?
2, 5, 47, 147769
List the prime factors of 20172947.
2903, 6949
List the prime factors of 1691098132.
2, 229, 1846177
List the prime factors of 1234954305.
3, 5, 13, 19, 137, 811
What are the prime factors of 6678951670?
2, 5, 17, 2551, 15401
What are the prime factors of 1237025245?
5, 509, 486061
What are the prime factors of 85792748?
2, 31, 691877
What are the prime factors of 77953848?
2, 3, 7, 464011
List the prime factors of 82298334.
2, 3, 379, 36191
What are the prime factors of 144978924?
2, 3, 17, 569, 1249
What are the prime factors of 111411188?
2, 7, 3978971
What are the prime factors of 18476995?
5, 3695399
List the prime factors of 281344270.
2, 5, 43, 83, 7883
What are the prime factors of 99138234?
2, 3, 13, 23, 73, 757
What are the prime factors of 82364659?
13, 73, 229, 379
List the prime factors of 24496241.
7, 11, 79, 4027
List the prime factors of 3164972836.
2, 1361, 581369
What are the prime factors of 1810196596?
2, 13, 3109, 11197
List the prime factors of 540005235.
3, 5, 7, 11, 66791
What are the prime factors of 5348149148?
2, 1337037287
List the prime factors of 504858840.
2, 3, 5, 191, 22027
What are the prime factors of 21356842?
2, 13, 563, 1459
List the prime factors of 253123518.
2, 3, 42187253
What are the prime factors of 1382801326?
2, 691400663
List the prime factors of 793664240.
2, 5, 9920803
List the prime factors of 252440262.
2, 3, 14024459
What are the prime factors of 183406237?
7, 29, 903479
What are the prime factors of 48681053?
29, 1678657
What are the prime factors of 308116099?
31, 9939229
What are the prime factors of 791758944?
2, 3, 53, 51871
What are the prime factors of 41417284?
2, 2531, 4091
List the prime factors of 102392205.
3, 5, 23, 449, 661
List the prime factors of 149466644.
2, 71, 526291
What are the prime factors of 855069743?
11, 77733613
List the prime factors of 93659924.
2, 23414981
What are the prime factors of 5032181504?
2, 7, 1409, 1993
List the prime factors of 422246648.
2, 113, 197, 2371
List the prime factors of 11379178.
2, 653, 8713
What are the prime factors of 1432080049?
311, 4604759
List the prime factors of 207985124.
2, 397, 130973
List the prime factors of 2915063566.
2, 1457531783
What are the prime factors of 21100317?
3, 7, 19, 52883
List the prime factors of 170063229.
3, 7, 313, 25873
List the prime factors of 43463538.
2, 3, 151, 15991
What are the prime factors of 1905873024?
2, 3, 11, 451201
List the prime factors of 64640719.
11, 13, 452033
What are the prime factors of 3785434046?
2, 1861, 1017043
List the prime factors of 1190950439.
7, 53, 151, 3037
List the prime factors of 4319444963.
71, 60837253
What are the prime factors of 133382425?
5, 11, 17, 103, 277
List the prime factors of 197723790.
2, 3, 5, 11, 199721
What are the prime factors of 2999958503?
2999958503
List the prime factors of 32437500.
2, 3, 5, 173
What are the prime factors of 321906503?
89, 829, 4363
List the prime factors of 353539870.
2, 5, 29, 439, 2777
What a